its digit of 13065?
5
What is the tens digit of 109807?
0
What is the tens digit of 382?
8
What is the hundreds digit of 2418?
4
What is the hundreds digit of 782?
7
What is the units digit of 27?
7
What is the hundreds digit of 1400?
4
What is the units digit of 449?
9
What is the thousands digit of 15969?
5
What is the tens digit of 9064?
6
What is the units digit of 29656?
6
What is the thousands digit of 40847?
0
What is the hundreds digit of 5876?
8
What is the hundreds digit of 112?
1
What is the thousands digit of 10550?
0
What is the units digit of 23945?
5
What is the tens digit of 2213?
1
What is the hundreds digit of 914?
9
What is the tens digit of 168557?
5
What is the thousands digit of 11165?
1
What is the hundreds digit of 997?
9
What is the hundreds digit of 458?
4
What is the units digit of 651?
1
What is the units digit of 806?
6
What is the hundreds digit of 30216?
2
What is the hundreds digit of 43371?
3
What is the thousands digit of 41326?
1
What is the thousands digit of 4509?
4
What is the tens digit of 206?
0
What is the hundreds digit of 117097?
0
What is the units digit of 1084?
4
What is the tens digit of 25221?
2
What is the hundreds digit of 106?
1
What is the ten thousands digit of 184047?
8
What is the tens digit of 77844?
4
What is the thousands digit of 32097?
2
What is the thousands digit of 1441?
1
What is the hundreds digit of 7067?
0
What is the units digit of 4898?
8
What is the tens digit of 1376?
7
What is the units digit of 314?
4
What is the hundreds digit of 28909?
9
What is the units digit of 7514?
4
What is the units digit of 808?
8
What is the hundreds digit of 18770?
7
What is the tens digit of 151?
5
What is the units digit of 5359?
9
What is the hundreds digit of 47668?
6
What is the units digit of 20821?
1
What is the tens digit of 802?
0
What is the tens digit of 2610?
1
What is the thousands digit of 7505?
7
What is the thousands digit of 1357?
1
What is the thousands digit of 1369?
1
What is the tens digit of 8363?
6
What is the thousands digit of 2332?
2
What is the hundreds digit of 84999?
9
What is the tens digit of 44325?
2
What is the thousands digit of 22806?
2
What is the thousands digit of 100621?
0
What is the thousands digit of 9476?
9
What is the units digit of 630?
0
What is the ten thousands digit of 67630?
6
What is the thousands digit of 4545?
4
What is the units digit of 5377?
7
What is the units digit of 38170?
0
What is the units digit of 4185?
5
What is the units digit of 3078?
8
What is the thousands digit of 4432?
4
What is the hundreds digit of 43178?
1
What is the tens digit of 1217?
1
What is the units digit of 60586?
6
What is the hundreds digit of 7048?
0
What is the hundreds digit of 21433?
4
What is the thousands digit of 32715?
2
What is the thousands digit of 11367?
1
What is the thousands digit of 3212?
3
What is the units digit of 7543?
3
What is the ten thousands digit of 76548?
7
What is the thousands digit of 8074?
8
What is the units digit of 41?
1
What is the hundreds digit of 5860?
8
What is the tens digit of 48032?
3
What is the hundreds digit of 39717?
7
What is the hundreds digit of 3277?
2
What is the hundreds digit of 1371?
3
What is the hundreds digit of 136?
1
What is the hundreds digit of 6448?
4
What is the thousands digit of 11888?
1
What is the thousands digit of 18587?
8
What is the units digit of 1027?
7
What is the units digit of 1062?
2
What is the tens digit of 1100?
0
What is the hundreds digit of 1631?
6
What is the tens digit of 43024?
2
What is the tens digit of 1765?
6
What is the tens digit of 448?
4
What is the tens digit of 6322?
2
What is the tens digit of 849?
4
What is the units digit of 535?
5
What is the tens digit of 401?
0
What is the thousands digit of 7007?
7
What is the hundreds digit of 188905?
9
What is the units digit of 1115?
5
What is the hundreds digit of 212?
2
What is the thousands digit of 2298?
2
What is the tens digit of 3736?
3
What is the thousands digit of 4540?
4
What is the units digit of 27199?
9
What is the thousands digit of 4707?
4
What is the hundred thousands digit of 110248?
1
What is the thousands digit of 11054?
1
What is the thousands digit of 27892?
7
What is the thousands digit of 21737?
1
What is the units digit of 5511?
1
What is the thousands digit of 15869?
5
What is the thousands digit of 1863?
1
What is the thousands digit of 18186?
8
What is the tens digit of 762?
6
What is the thousands digit of 2117?
2
What is the hundreds digit of 7411?
4
What is the hundreds digit of 723?
7
What is the tens digit of 2068?
6
What is the thousands digit of 106590?
6
What is the units digit of 32989?
9
What is the ten thousands digit of 59416?
5
What is the units digit of 10375?
5
What is the tens digit of 29316?
1
What is the hundreds digit of 604?
6
What is the hundreds digit of 718?
7
What is the hundreds digit of 15720?
7
What is the units digit of 2097?
7
What is the units digit of 121019?
9
What is the ten thousands digit of 33272?
3
What is the units digit of 93?
3
What is the hundreds digit of 40895?
8
What is the units digit of 1296?
6
What is the hundreds digit of 5935?
9
What is the units digit of 338?
8
What is the ten thousands digit of 29096?
2
What is the units digit of 12612?
2
What is the tens digit of 1014?
1
What is the hundreds digit of 1038?
0
What is the hundreds digit of 720?
7
What is the units digit of 30655?
5
What is the units digit of 43323?
3
What is the tens digit of 53?
5
What is the units digit of 174?
4
What is the hundreds digit of 15349?
3
What is the tens digit of 2338?
3
What is the hundreds digit of 3997?
9
What is the hundreds digit of 510?
5
What is the units digit of 1552?
2
What is the tens digit of 2125?
2
What is the thousands digit of 1186?
1
What is the tens digit of 1258?
5
What is the tens digit of 900?
0
What is the thousands digit of 1452?
1
What is the hundreds digit of 33022?
0
What is the tens digit of 3057?
5
What is the units digit of 7445?
5
What is the ten thousands digit of 19843?
1
What is the thousands digit of 1481?
1
What is the units digit of 3075?
5
What is the units digit of 22336?
6
What is the units digit of 853?
3
What is the thousands digit of 1607?
1
What is the hundreds digit of 4120?
1
What is the hundreds digit of 811?
8
What is the thousands digit of 1371?
1
What is the units digit of 62308?
8
What is the thousands digit of 1253?
1
What is the units digit of 3772?
2
What is the thousands digit of 2413?
2
What is the units digit of 886?
6
What is the thousands digit of 1244?
1
What is the tens digit of 673?
7
What is the hundreds digit of 41959?
9
What is the hundreds digit of 27975?
9
What is the units digit of 13738?
8
What is the hundreds digit of 10820?
8
What is the ten thousands digit of 12766?
1
What is the tens digit of 5338?
3
What is the units digit of 11109?
9
What is the tens digit of 72322?
2
What is the ten thousands digit of 96639?
9
What is the tens digit of 9065?
6
What is the hundreds digit of 5206?
2
What is the units digit of 964?
4
What is the hundreds digit of 2623?
6
What is the units digit of 78668?
8
What is the ten thousands digit of 20046?
2
What is the thousands digit of 32543?
2
What is the hundreds digit of 330?
3
What is the hundreds digit of 159040?
0
What is the units digit of 19005?
5
What is the tens digit of 1569?
6
What is the tens digit of 2158?
5
What is the hundreds digit of 8293?
2
What is the tens digit of 1004?
0
What is the thousands digit of 24828?
4
What is the thousands digit of 1314?
1
What is the units digit of 549?
9
What is the ten thousands digit of 45685?
4
What is the thousands digit of 50450?
0
What is the tens digit of 1853?
5
What is the hundreds digit of 3634?
6
What is the thousands digit of 30846?
0
What is the units digit of 73826?
6
What is the thousands digit of 23231?
3
What is the units digit of 149?
9
What is the units digit of 29836?
6
What is the tens digit of 23908?
0
What is the units digit of 6669?
9
What is the tens digit of 1561?
6
What is the thousands digit of 41872?
1
What is the hundreds digit of 6586?
5
What is the ten thousands digit of 23394?
2
What is the hundreds digit of 95556?
5
What is the units digit of 191?
1
What is the units digit of 98